{"id":987527773,"date":"2026-02-08T13:11:07","date_gmt":"2026-02-08T13:11:07","guid":{"rendered":"https:\/\/cubaodc.org\/?page_id=987527773"},"modified":"2026-03-30T05:30:51","modified_gmt":"2026-03-30T05:30:51","slug":"home","status":"publish","type":"page","link":"https:\/\/cubaodc.org\/","title":{"rendered":"Home"},"content":{"rendered":"<p>[et_pb_section fb_built=&#8221;1&#8243; fullwidth=&#8221;on&#8221; _builder_version=&#8221;4.27.5&#8243; _module_preset=&#8221;default&#8221; global_colors_info=&#8221;{}&#8221;][et_pb_fullwidth_slider _builder_version=&#8221;4.27.5&#8243; _module_preset=&#8221;default&#8221; min_height=&#8221;483.8px&#8221; global_colors_info=&#8221;{}&#8221;][et_pb_slide heading=&#8221;Concepto &#8211; \u00bfQu\u00e9 somos?&#8221; button_text=&#8221;Contacto&#8221; _builder_version=&#8221;4.27.5&#8243; _module_preset=&#8221;default&#8221; header_font=&#8221;League Gothic||||||||&#8221; body_font=&#8221;Poppins||||||||&#8221; background_image=&#8221;https:\/\/cubaodc.org\/wp-content\/uploads\/2026\/02\/Home-Imagenes-ok_Mesa-de-trabajo-1-scaled.jpg&#8221; background_enable_image=&#8221;on&#8221; custom_button=&#8221;on&#8221; button_bg_color=&#8221;#2f56a2&#8243; button_border_width=&#8221;0px&#8221; button_border_radius=&#8221;10px&#8221; button_letter_spacing=&#8221;0px&#8221; button_font=&#8221;Poppins||||||||&#8221; text_orientation=&#8221;left&#8221; global_colors_info=&#8221;{}&#8221; sticky_transition=&#8221;on&#8221;]<\/p>\n<p style=\"text-align: left;\">Somos una instituci\u00f3n independiente que<br \/>monitorea los derechos culturales en Cuba<\/p>\n<p>[\/et_pb_slide][et_pb_slide heading=&#8221;Concepto &#8211; \u00bfQu\u00e9 somos?&#8221; button_text=&#8221;Contacto&#8221; _builder_version=&#8221;4.27.5&#8243; _module_preset=&#8221;default&#8221; header_font=&#8221;League Gothic||||||||&#8221; body_font=&#8221;Poppins||||||||&#8221; background_image=&#8221;https:\/\/cubaodc.org\/wp-content\/uploads\/2026\/02\/Home-Imagenes-ok-03-1-scaled.jpg&#8221; background_enable_image=&#8221;on&#8221; custom_button=&#8221;on&#8221; button_bg_color=&#8221;#2f56a2&#8243; button_border_width=&#8221;0px&#8221; button_border_radius=&#8221;10px&#8221; button_letter_spacing=&#8221;0px&#8221; button_font=&#8221;Poppins||||||||&#8221; text_orientation=&#8221;left&#8221; width=&#8221;100%&#8221; max_width=&#8221;100%&#8221; global_colors_info=&#8221;{}&#8221; sticky_transition=&#8221;on&#8221;]<\/p>\n<p style=\"text-align: left;\">Nos posicionamos contra la vulneraci\u00f3n de la<br \/>ibertad de creaci\u00f3n y de todas las vinculadas<br \/> al \u00e1mbito de la cultura art\u00edstica<\/p>\n<p>[\/et_pb_slide][et_pb_slide heading=&#8221;Concepto &#8211; \u00bfQu\u00e9 somos?&#8221; button_text=&#8221;Contacto&#8221; _builder_version=&#8221;4.27.5&#8243; _module_preset=&#8221;default&#8221; header_font=&#8221;League Gothic||||||||&#8221; body_font=&#8221;Poppins||||||||&#8221; background_image=&#8221;https:\/\/cubaodc.org\/wp-content\/uploads\/2026\/02\/Home-Imagenes-ok_Mesa-de-trabajo-1-copia-6.jpg&#8221; background_enable_image=&#8221;on&#8221; custom_button=&#8221;on&#8221; button_bg_color=&#8221;#2f56a2&#8243; button_border_width=&#8221;0px&#8221; button_border_radius=&#8221;10px&#8221; button_letter_spacing=&#8221;0px&#8221; button_font=&#8221;Poppins||||||||&#8221; text_orientation=&#8221;left&#8221; global_colors_info=&#8221;{}&#8221; sticky_transition=&#8221;on&#8221;]<\/p>\n<p style=\"text-align: left;\">Registramos valores patrimoniales para evitar<br \/>el barrido de la memoria cultural de la naci\u00f3n<\/p>\n<p>[\/et_pb_slide][\/et_pb_fullwidth_slider][\/et_pb_section][et_pb_section fb_built=&#8221;1&#8243; _builder_version=&#8221;4.27.5&#8243; _module_preset=&#8221;default&#8221; global_colors_info=&#8221;{}&#8221;][et_pb_row _builder_version=&#8221;4.27.5&#8243; _module_preset=&#8221;default&#8221; global_colors_info=&#8221;{}&#8221;][et_pb_column type=&#8221;4_4&#8243; _builder_version=&#8221;4.27.5&#8243; _module_preset=&#8221;default&#8221; global_colors_info=&#8221;{}&#8221;][et_pb_text _builder_version=&#8221;4.27.5&#8243; _module_preset=&#8221;default&#8221; text_font=&#8221;Poppins||||||||&#8221; text_text_color=&#8221;#3b3b3b&#8221; header_font=&#8221;League Gothic||||||||&#8221; header_text_color=&#8221;#3b3b3b&#8221; header_font_size=&#8221;48px&#8221; text_orientation=&#8221;center&#8221; global_colors_info=&#8221;{}&#8221;]<\/p>\n<h1>\u00bfQu\u00e9 hacemos?<\/h1>\n<p><span style=\"color: #3b3b3b;\">Aprende algo m\u00e1s sobre nosotros<\/span><\/p>\n<p>[\/et_pb_text][\/et_pb_column][\/et_pb_row][et_pb_row _builder_version=&#8221;4.27.5&#8243; _module_preset=&#8221;default&#8221; global_colors_info=&#8221;{}&#8221;][et_pb_column type=&#8221;4_4&#8243; _builder_version=&#8221;4.27.5&#8243; _module_preset=&#8221;default&#8221; global_colors_info=&#8221;{}&#8221;][et_pb_code _builder_version=&#8221;4.27.5&#8243; _module_preset=&#8221;default&#8221; global_colors_info=&#8221;{}&#8221;]<\/p>\n<style><!-- [et_pb_line_break_holder] -->.odc-carousel-wrapper{width:100%;overflow:hidden;padding:30px 0;background:#fff;}<!-- [et_pb_line_break_holder] -->.odc-carousel__track{display:flex;gap:16px;width:max-content;animation:odcScroll 60s linear infinite;}<!-- [et_pb_line_break_holder] -->.odc-carousel-wrapper:hover .odc-carousel__track{animation-play-state:paused;}<!-- [et_pb_line_break_holder] -->@keyframes odcScroll{0%{transform:translateX(0);}100%{transform:translateX(-50%);}}<!-- [et_pb_line_break_holder] -->.odc-carousel__item{flex:0 0 auto;width:calc((100vw - 64px) \/ 3);max-width:420px;min-width:200px;overflow:hidden;border-radius:6px;}<!-- [et_pb_line_break_holder] -->.odc-carousel__item img{width:100%;height:250px;object-fit:cover;display:block;border-radius:6px;transition:transform 0.3s ease;}<!-- [et_pb_line_break_holder] -->.odc-carousel__item:hover img{transform:scale(1.05);}<!-- [et_pb_line_break_holder] --><\/style>\n<p><!-- [et_pb_line_break_holder] --><!-- [et_pb_line_break_holder] --><\/p>\n<div class=\"odc-carousel-wrapper\"><!-- [et_pb_line_break_holder] -->  <\/p>\n<div class=\"odc-carousel__track\"><!-- [et_pb_line_break_holder] -->    <\/p>\n<div class=\"odc-carousel__item\"><img decoding=\"async\" src=\"https:\/\/cubaodc.org\/wp-content\/uploads\/2026\/02\/Que-hacemos_Mesa-de-trabajo-1.jpg\" alt=\"Imagen 1\"><\/div>\n<p><!-- [et_pb_line_break_holder] -->    <\/p>\n<div class=\"odc-carousel__item\"><img decoding=\"async\" src=\"https:\/\/cubaodc.org\/wp-content\/uploads\/2026\/02\/Que-hacemos_Mesa-de-trabajo-1-copia.jpg\" alt=\"Imagen 2\"><\/div>\n<p><!-- [et_pb_line_break_holder] -->    <\/p>\n<div class=\"odc-carousel__item\"><img decoding=\"async\" src=\"https:\/\/cubaodc.org\/wp-content\/uploads\/2026\/02\/Que-hacemos_Mesa-de-trabajo-1-copia-2.jpg\" alt=\"Imagen 3\"><\/div>\n<p><!-- [et_pb_line_break_holder] -->    <\/p>\n<div class=\"odc-carousel__item\"><img decoding=\"async\" src=\"https:\/\/cubaodc.org\/wp-content\/uploads\/2026\/02\/Que-hacemos_Mesa-de-trabajo-1-copia-3.jpg\" alt=\"Imagen 4\"><\/div>\n<p><!-- [et_pb_line_break_holder] -->    <\/p>\n<div class=\"odc-carousel__item\"><img decoding=\"async\" src=\"https:\/\/cubaodc.org\/wp-content\/uploads\/2026\/02\/Que-hacemos_Mesa-de-trabajo-1-copia-4.jpg\" alt=\"Imagen 5\"><\/div>\n<p><!-- [et_pb_line_break_holder] -->    <\/p>\n<div class=\"odc-carousel__item\"><img decoding=\"async\" src=\"https:\/\/cubaodc.org\/wp-content\/uploads\/2026\/02\/Que-hacemos_Mesa-de-trabajo-1-copia-19.jpg\" alt=\"Imagen 6\"><\/div>\n<p><!-- [et_pb_line_break_holder] -->    <\/p>\n<div class=\"odc-carousel__item\"><img decoding=\"async\" src=\"https:\/\/cubaodc.org\/wp-content\/uploads\/2026\/02\/Que-hacemos_Mesa-de-trabajo-1-copia-20.jpg\" alt=\"Imagen 7\"><\/div>\n<p><!-- [et_pb_line_break_holder] -->    <\/p>\n<div class=\"odc-carousel__item\"><img decoding=\"async\" src=\"https:\/\/cubaodc.org\/wp-content\/uploads\/2026\/02\/Que-hacemos_Mesa-de-trabajo-1-copia-21.jpg\" alt=\"Imagen 8\"><\/div>\n<p><!-- [et_pb_line_break_holder] -->    <\/p>\n<div class=\"odc-carousel__item\"><img decoding=\"async\" src=\"https:\/\/cubaodc.org\/wp-content\/uploads\/2026\/02\/Que-hacemos_Mesa-de-trabajo-1-copia-22.jpg\" alt=\"Imagen 9\"><\/div>\n<p><!-- [et_pb_line_break_holder] -->    <\/p>\n<div class=\"odc-carousel__item\"><img decoding=\"async\" src=\"https:\/\/cubaodc.org\/wp-content\/uploads\/2026\/02\/Que-hacemos_Mesa-de-trabajo-1-1.jpg\" alt=\"Imagen 10\"><\/div>\n<p><!-- [et_pb_line_break_holder] -->    <\/p>\n<div class=\"odc-carousel__item\"><img decoding=\"async\" src=\"https:\/\/cubaodc.org\/wp-content\/uploads\/2026\/02\/Que-hacemos_Mesa-de-trabajo-1-copia-2-1.jpg\" alt=\"Imagen 11\"><\/div>\n<p><!-- [et_pb_line_break_holder] -->    <\/p>\n<div class=\"odc-carousel__item\"><img decoding=\"async\" src=\"https:\/\/cubaodc.org\/wp-content\/uploads\/2026\/02\/Que-hacemos_Mesa-de-trabajo-1.jpg\" alt=\"Imagen 1\"><\/div>\n<p><!-- [et_pb_line_break_holder] -->    <\/p>\n<div class=\"odc-carousel__item\"><img decoding=\"async\" src=\"https:\/\/cubaodc.org\/wp-content\/uploads\/2026\/02\/Que-hacemos_Mesa-de-trabajo-1-copia.jpg\" alt=\"Imagen 2\"><\/div>\n<p><!-- [et_pb_line_break_holder] -->    <\/p>\n<div class=\"odc-carousel__item\"><img decoding=\"async\" src=\"https:\/\/cubaodc.org\/wp-content\/uploads\/2026\/02\/Que-hacemos_Mesa-de-trabajo-1-copia-2.jpg\" alt=\"Imagen 3\"><\/div>\n<p><!-- [et_pb_line_break_holder] -->    <\/p>\n<div class=\"odc-carousel__item\"><img decoding=\"async\" src=\"https:\/\/cubaodc.org\/wp-content\/uploads\/2026\/02\/Que-hacemos_Mesa-de-trabajo-1-copia-3.jpg\" alt=\"Imagen 4\"><\/div>\n<p><!-- [et_pb_line_break_holder] -->    <\/p>\n<div class=\"odc-carousel__item\"><img decoding=\"async\" src=\"https:\/\/cubaodc.org\/wp-content\/uploads\/2026\/02\/Que-hacemos_Mesa-de-trabajo-1-copia-4.jpg\" alt=\"Imagen 5\"><\/div>\n<p><!-- [et_pb_line_break_holder] -->    <\/p>\n<div class=\"odc-carousel__item\"><img decoding=\"async\" src=\"https:\/\/cubaodc.org\/wp-content\/uploads\/2026\/02\/Que-hacemos_Mesa-de-trabajo-1-copia-19.jpg\" alt=\"Imagen 6\"><\/div>\n<p><!-- [et_pb_line_break_holder] -->    <\/p>\n<div class=\"odc-carousel__item\"><img decoding=\"async\" src=\"https:\/\/cubaodc.org\/wp-content\/uploads\/2026\/02\/Que-hacemos_Mesa-de-trabajo-1-copia-20.jpg\" alt=\"Imagen 7\"><\/div>\n<p><!-- [et_pb_line_break_holder] -->    <\/p>\n<div class=\"odc-carousel__item\"><img decoding=\"async\" src=\"https:\/\/cubaodc.org\/wp-content\/uploads\/2026\/02\/Que-hacemos_Mesa-de-trabajo-1-copia-21.jpg\" alt=\"Imagen 8\"><\/div>\n<p><!-- [et_pb_line_break_holder] -->    <\/p>\n<div class=\"odc-carousel__item\"><img decoding=\"async\" src=\"https:\/\/cubaodc.org\/wp-content\/uploads\/2026\/02\/Que-hacemos_Mesa-de-trabajo-1-copia-22.jpg\" alt=\"Imagen 9\"><\/div>\n<p><!-- [et_pb_line_break_holder] -->    <\/p>\n<div class=\"odc-carousel__item\"><img decoding=\"async\" src=\"https:\/\/cubaodc.org\/wp-content\/uploads\/2026\/02\/Que-hacemos_Mesa-de-trabajo-1-1.jpg\" alt=\"Imagen 10\"><\/div>\n<p><!-- [et_pb_line_break_holder] -->    <\/p>\n<div class=\"odc-carousel__item\"><img decoding=\"async\" src=\"https:\/\/cubaodc.org\/wp-content\/uploads\/2026\/02\/Que-hacemos_Mesa-de-trabajo-1-copia-2-1.jpg\" alt=\"Imagen 11\"><\/div>\n<p><!-- [et_pb_line_break_holder] -->  <\/div>\n<p><!-- [et_pb_line_break_holder] --><\/div>\n<p>[\/et_pb_code][\/et_pb_column][\/et_pb_row][\/et_pb_section][et_pb_section fb_built=&#8221;1&#8243; _builder_version=&#8221;4.27.5&#8243; _module_preset=&#8221;default&#8221; global_colors_info=&#8221;{}&#8221;][et_pb_row _builder_version=&#8221;4.27.5&#8243; _module_preset=&#8221;default&#8221; global_colors_info=&#8221;{}&#8221;][et_pb_column type=&#8221;4_4&#8243; _builder_version=&#8221;4.27.5&#8243; _module_preset=&#8221;default&#8221; global_colors_info=&#8221;{}&#8221;][et_pb_button button_text=&#8221;Ver M\u00e1s&#8221; button_alignment=&#8221;center&#8221; _builder_version=&#8221;4.27.5&#8243; _module_preset=&#8221;default&#8221; custom_button=&#8221;on&#8221; button_text_color=&#8221;#ffffff&#8221; button_bg_color=&#8221;#2f56a2&#8243; button_border_radius=&#8221;10px&#8221; button_font=&#8221;Poppins||||||||&#8221; button_use_icon=&#8221;off&#8221; custom_margin=&#8221;-91px||||false|false&#8221; global_colors_info=&#8221;{}&#8221;][\/et_pb_button][\/et_pb_column][\/et_pb_row][\/et_pb_section][et_pb_section fb_built=&#8221;1&#8243; _builder_version=&#8221;4.27.5&#8243; _module_preset=&#8221;default&#8221; custom_margin=&#8221;0px|0px|0px|0px|true|true&#8221; custom_padding=&#8221;0px|0px|0px|0px|true|true&#8221; global_colors_info=&#8221;{}&#8221;][et_pb_row column_structure=&#8221;1_2,1_2&#8243; use_custom_gutter=&#8221;on&#8221; gutter_width=&#8221;1&#8243; _builder_version=&#8221;4.27.5&#8243; _module_preset=&#8221;default&#8221; width=&#8221;100%&#8221; max_width=&#8221;2560px&#8221; global_colors_info=&#8221;{}&#8221;][et_pb_column type=&#8221;1_2&#8243; _builder_version=&#8221;4.27.5&#8243; _module_preset=&#8221;default&#8221; global_colors_info=&#8221;{}&#8221;][et_pb_text _builder_version=&#8221;4.27.5&#8243; _module_preset=&#8221;default&#8221; text_font=&#8221;League Gothic||||||||&#8221; text_text_color=&#8221;#FFFFFF&#8221; header_font=&#8221;League Gothic||||||||&#8221; header_text_align=&#8221;center&#8221; header_text_color=&#8221;#ffffff&#8221; background_color=&#8221;rgba(47,86,162,0.8)&#8221; background_image=&#8221;https:\/\/cubaodc.org\/wp-content\/uploads\/2026\/02\/ECC4FAF1-3141-47CD-A2EF-B16F45CE3DA4.png&#8221; background_blend=&#8221;multiply&#8221; custom_padding=&#8221;200px|40px|200px|40px|false|false&#8221; text_text_shadow_style=&#8221;preset3&#8243; global_colors_info=&#8221;{}&#8221;]<\/p>\n<h1>An\u00e1lisis de medios<\/h1>\n<p>[\/et_pb_text][\/et_pb_column][et_pb_column type=&#8221;1_2&#8243; _builder_version=&#8221;4.27.5&#8243; _module_preset=&#8221;default&#8221; global_colors_info=&#8221;{}&#8221;][et_pb_text _builder_version=&#8221;4.27.5&#8243; _module_preset=&#8221;default&#8221; text_font=&#8221;League Gothic||||||||&#8221; header_text_align=&#8221;center&#8221; header_text_color=&#8221;#ffffff&#8221; background_color=&#8221;rgba(227,19,25,0.8)&#8221; background_image=&#8221;https:\/\/cubaodc.org\/wp-content\/uploads\/2026\/02\/Ana\u0301lisis-en-medios-Entrevistas_Mesa-de-trabajo-1-copia-3-scaled.jpg&#8221; background_blend=&#8221;multiply&#8221; custom_padding=&#8221;200px|40px|200px|40px|true|true&#8221; header_text_shadow_style=&#8221;preset3&#8243; global_colors_info=&#8221;{}&#8221;]<\/p>\n<h1>Entrevistas<\/h1>\n<p>[\/et_pb_text][\/et_pb_column][\/et_pb_row][\/et_pb_section]<\/p>\n","protected":false},"excerpt":{"rendered":"<p>Somos una instituci\u00f3n independiente quemonitorea los derechos culturales en CubaNos posicionamos contra la vulneraci\u00f3n de laibertad de creaci\u00f3n y de todas las vinculadas al \u00e1mbito de la cultura art\u00edsticaRegistramos valores patrimoniales para evitarel barrido de la memoria cultural de la naci\u00f3n\u00bfQu\u00e9 hacemos? Aprende algo m\u00e1s sobre nosotrosAn\u00e1lisis de mediosEntrevistas<\/p>\n","protected":false},"author":1,"featured_media":0,"parent":0,"menu_order":0,"comment_status":"closed","ping_status":"closed","template":"","meta":{"_et_pb_use_builder":"on","_et_pb_old_content":"","_et_gb_content_width":"","footnotes":""},"class_list":["post-987527773","page","type-page","status-publish","hentry"],"_links":{"self":[{"href":"https:\/\/cubaodc.org\/index.php\/wp-json\/wp\/v2\/pages\/987527773","targetHints":{"allow":["GET"]}}],"collection":[{"href":"https:\/\/cubaodc.org\/index.php\/wp-json\/wp\/v2\/pages"}],"about":[{"href":"https:\/\/cubaodc.org\/index.php\/wp-json\/wp\/v2\/types\/page"}],"author":[{"embeddable":true,"href":"https:\/\/cubaodc.org\/index.php\/wp-json\/wp\/v2\/users\/1"}],"replies":[{"embeddable":true,"href":"https:\/\/cubaodc.org\/index.php\/wp-json\/wp\/v2\/comments?post=987527773"}],"version-history":[{"count":24,"href":"https:\/\/cubaodc.org\/index.php\/wp-json\/wp\/v2\/pages\/987527773\/revisions"}],"predecessor-version":[{"id":987527946,"href":"https:\/\/cubaodc.org\/index.php\/wp-json\/wp\/v2\/pages\/987527773\/revisions\/987527946"}],"wp:attachment":[{"href":"https:\/\/cubaodc.org\/index.php\/wp-json\/wp\/v2\/media?parent=987527773"}],"curies":[{"name":"wp","href":"https:\/\/api.w.org\/{rel}","templated":true}]}}